rs of r(-19)?
46103
Suppose -w - 1 = 14. Let l be ((-10)/(-4))/(w/60). List the prime factors of (-145)/l*2 - 3.
2, 13
Suppose 7 + 1 = 4*l - 4*n, 0 = 2*l - 5*n - 7. What are the prime factors of (-3666)/(-4) - l/((-20)/30)?
2, 3, 17
Let d be ((-80)/30)/(2 - 8/3). Suppose d*o + 41 = v - 1426, 0 = -o + 3*v - 353. List the prime factors of 4/8*-2 - o/2.
3, 61
Let m(z) = -377*z - 6. Let p be -7 - (3*-4 - -6). List the prime factors of m(p).
7, 53
Suppose 36 = 4*v - 0*v. Suppose -2*n + v = -s, 3*s = -n - 2*n. Suppose p = y - 19, 4*y = 2*p + n*p + 75. What are the prime factors of y?
2, 5
Let u(z) = 7 - 10 + 7 - z. Let h be u(-6). Suppose 0 = -4*l - l + h. What are the prime factors of l?
2
Let q = 8209 - 4107. What are the prime factors of q?
2, 7, 293
Suppose 6*b - b + 3*c = 59, 33 = 3*b + c. Let w be (-10)/(-50) - ((-4876)/b)/2. Let d = w - 139. What are the prime factors of d?
3, 5, 7
Let n be (-35)/2*276/(-161). Let h be (2*42/10)/(n/200). Suppose 2*k = -3*p + 99, -3*k + h + 85 = 2*p. List the prime factors of k.
3, 5
Let r(w) = w**3 + 3*w**2 + 2766. What are the prime factors of r(0)?
2, 3, 461
Let v(j) = -j**3 - 115*j**2 - 73*j - 263. List the prime factors of v(-117).
2, 4457
Let j(x) = -x**3 - 10*x**2 + 12*x + 1. Let d be j(-12). Let b = 189 - d. What are the prime factors of b?
2, 11
Let d(u) = 14 - 11*u + 31 + 17 - 20. List the prime factors of d(-10).
2, 19
Suppose 5*i - 237*w + 242*w = 84735, -5*w - 67752 = -4*i. What are the prime factors of i?
16943
Suppose 34*m - 4 = 35*m, t = 2*m + 44511. List the prime factors of t.
191, 233
Suppose -2*d + 34 = -0*r - 2*r, 0 = 5*d + 3*r - 77. Let n(t) = -8*t**2 + 8*t**2 + 5*t - d + t**2. What are the prime factors of n(13)?
2, 109
Let j(q) = -q**3 + 50*q**2 - 62*q + 685. List the prime factors of j(49).
2, 3
Let b(z) = -22*z**3 - 26*z**2 - 65*z - 731. What are the prime factors of b(-11)?
2, 5, 653
List the prime factors of (-27)/(162/(-48)) + 8881.
3, 2963
What are the prime factors of 1*11500/40*274?
5, 23, 137
Let r(t) = 189*t + 36. Let v be r(-7). Let j = v + 1850. List the prime factors of j.
563
Let t be 19/4 - (-1)/4. Suppose -2*v - 2*u = -224, 104 = v - 6*u + t*u. Suppose m = -m + v. List the prime factors of m.
2, 3
Let m(d) = -3*d**3 + 2*d**2 + 5*d + 9. Let r be m(-2). Suppose 27*k - 4 = r*k. List the prime factors of (k + 251)*(6 - 2)/4.
2, 5
Let c(k) = k + 5 - 13*k + k. Suppose -m + 41 = 4*u + 61, -6*m = -4*u - 20. List the prime factors of c(u).
2, 3, 5
Let m(n) = -3958*n**3 - 39*n**2 - 90*n - 16. What are the prime factors of m(-2)?
2, 37, 107
Suppose -3*k + 26293 - 931 = 2*s, 0 = -5*k + 20. Suppose s = 21*v + 4*v. List the prime factors of v.
3, 13
Suppose 15345 = 3*p + 4*i, 5146 - 47 = p - 4*i. Suppose p + 2702 = 13*h. List the prime factors of h.
601
Let x(w) = -239*w**3 - w**2 + 36*w + 149. What are the prime factors of x(-6)?
51521
Suppose -18*q = -22*q + 372. Suppose 3*p - q = 4*p. Let a = -30 - p. List the prime factors of a.
3, 7
Suppose -17*u + 24306 = 1458. Suppose -4488 = -4*d - u. What are the prime factors of d?
2, 3, 131
Suppose -10*k = -187 - 23. Suppose -3*g + 447 = k. What are the prime factors of g?
2, 71
Let y(q) = q**2 + 7*q. Let h be y(-5). Let z = -12 - h. List the prime factors of (427/21)/(z + (-39)/(-18)).
2, 61
Let h = -401 + 415. What are the prime factors of ((-843)/(-3))/(7/h)?
2, 281
Let u = 3 - -37. Suppose -5*n - m = -3011, 6*n - 2*n - 2407 = m. Suppose n = -38*x + u*x. What are the prime factors of x?
7, 43
Suppose 15*j + 41349 = 20*j - 3*r, 41328 = 5*j + 4*r. What are the prime factors of j?
2, 3, 13, 53
Let f(o) = 12*o + 4. Suppose 67 = x + 7. Let t = x + -57. What are the prime factors of f(t)?
2, 5
Let g be 0 + 2 - (-1 + 3). Suppose 5*t - 21 = -4*p, 3*p = -t + 2 - g. Let z(u) = 164*u**2 + 2*u + 1. What are the prime factors of z(p)?
163
Suppose -105411 = -3*z + 4339 + 71435. What are the prime factors of z?
5, 47, 257
Let l(x) be the second derivative of -7*x**3/3 + 959*x**2/2 - 22*x + 1. List the prime factors of l(0).
7, 137
Suppose -3*x + 6 = -3. Let h be 30/(-6)*56*x/(-15). Suppose -1015 = 51*y - h*y. List the prime factors of y.
7, 29
Let z be ((-336)/280)/((-2)/(-155)). List the prime factors of z/(-62) - (-34)/(-8)*-50.
2, 107
Suppose -468096 + 4790141 = 59*d. List the prime factors of d.
5, 7, 13, 23
Suppose 2*t = p + 9805, 3*t - 5*p - 11266 = 3431. What are the prime factors of t?
2, 613
Suppose -4*q + 57 = -3*m, -2*q + 0*m = 2*m - 32. Suppose -778 - 674 = -22*u. Suppose -u = -x - q. List the prime factors of x.
3, 17
Suppose 5*r = 2*d + 1814, 9*r - 11*r + 716 = 4*d. Let l = r + 92. List the prime factors of l.
2, 227
Let s(j) = -196*j**3 + 3*j**2 + 32*j + 69. List the prime factors of s(-2).
5, 317
Let q(f) = 2*f**3 - 12*f**2 + f - 13. Let c(o) = 3*o**3 - 12*o**2 - 15. Let b(k) = 5*c(k) - 6*q(k). List the prime factors of b(4).
3, 11
Let m(x) = -x**2 + 15*x + 2. Let b be m(14). Suppose 0 = -b*l - 854 + 3990. What are the prime factors of l?
2, 7
Let z(y) = 668*y + 593. What are the prime factors of z(3)?
7, 53
Let h = 195 + -98. Let c be -2*(-4)/(8/h). Suppose -3*j + 89 + c = 3*l, -183 = -3*j - 2*l. List the prime factors of j.
59
What are the prime factors of (8/20)/(180/300 + (-4642)/7740)?
2, 3, 43
Let m(x) = x**3 + 22*x**2 - 3*x + 20. Let u be m(-22). Suppose d - 5*a - 93 = -2*a, u = d + 4*a. List the prime factors of d.
2, 3, 5
Let c = -10 - -32. Let m be (-5 + c/4)/((-2)/(-1128)). What are the prime factors of 47/m - (-1)/(6/317)?
53
Suppose -7*r + 31 = 3. Suppose -4*k + 8*k = 4*h + 1348, -5*k = -r*h - 1350. Let n = h + 469. What are the prime factors of n?
2, 67
Suppose -165*h + 166*h + 89 = 0. Suppose 0 = -5*y - 394 - 901. Let r = h - y. List the prime factors of r.
2, 5, 17
Suppose 7*w = 10*w + 2934. Let j = w - -1896. List the prime factors of j.
2, 3, 17
Let y = -10956 - -52693. What are the prime factors of y?
41737
Let t = 73 + 21. Let r(y) = t - 50 + 56*y**3 - 44 + y**2 - 2*y. What are the prime factors of r(1)?
5, 11
What are the prime factors of ((-38311933)/88)/(-73) + (3/8)/3?
2, 3, 7, 71
Suppose 2*y + 1456 = -2*u, 3634 = -y - 4*y + u. List the prime factors of (0 - -5) + (-10 - y).
2, 19
Let c(w) = -2*w**2 + 4*w + 7. Let d be c(0). Let x(n) = 72*n + 16. List the prime factors of x(d).
2, 5, 13
Let g be (-33*5)/((-8)/(-24)). Let h = 988 + g. What are the prime factors of h?
17, 29
Let g(l) = 384*l**2 - 1369*l - 8215. What are the prime factors of g(-6)?
23, 601
Suppose -5*d - 16 = 4*q, -5 = 2*d + 2*q + 3. Suppose 1633 = 5*s + 3*f - d*f, 1635 = 5*s + 5*f. What are the prime factors of s?
2, 163
Let t(f) = -4*f + 15*f**2 + 6*f**2 + 3*f + 3*f - 15 + 2*f. What are the prime factors of t(6)?
3, 5, 17
Let y(b) = b**2 + 2*b + 149. Let p(s) = s**2 + 11*s + 1. Let g be p(-8). What are the prime factors of y(g)?
2, 79
Let r = 8608 - -16230. What are the prime factors of r?
2, 11, 1129
Let o = -64243 + 91547. List the prime factors of o.
2, 3413
Suppose -6*u + 34*u = -34*u + 1454458. List the prime factors of u.
23459
Suppose -2*t = -2*c - 10154, 2*t + 17*c - 22*c = 10145. Suppose -t = -4*r + 4*h, 2*r - h + 5*h - 2558 = 0. List the prime factors of r.
19, 67
Let a = -62 + 65. Suppose 0 = a*r, 2*r - 6*r = 3*z - 9. Suppose -q = 4*s - 117, -4*q + 3*q + z*s = -138. List the prime factors of q.
3, 43
Suppose i - 4426 = -1383. List the prime factors of i.
17, 179
Let v be ((-989)/2 - 1)/((-182)/364). Suppose -4*d = 3*q - 4365, -5*q = 3*d - 2280 - v. What are the prime factors of d?
2, 3, 7, 13
Let h(t) = -t**2 - 6*t + 1. Let o(c) = c**2 - 8*c + 2. Let w(b) = -6*h(b) + 5*o(b). Suppose -3*u - j = -3*j - 9, 0 = 2*j. What are the prime factors of w(u)?
7, 13
What are the prime factors of (-8)/20 + (-380)/(-50)*1949?
2, 7, 23
Let c be ((-136)/(-4) + 0)*(-7)/(-2). Suppose 113*j - c*j = -2442. List the prime factors of j.
11, 37
Suppose -21*p = 115077 - 474961 - 396830. List the prime factors of p.
2, 43, 419
Let x(n) = -33*n**3 - 2*n**2 + 2*n - 1. Suppose -w + 2*m = -7, 3*m = 5*w + 6*m + 4. Let z be x(w). Let s = -17 - z. What are the prime factors of s?
17
Let d(z) = -3*z - 2. Let b be d(-5). Let s(c) = 17*c + 48. Let r(u) = 17*u + 46. Let v(j) = -5*r(j) + 6*s(j). What are the prime factors of v(b)?
3, 31
Let j = 168 + -163. Suppose -o =